ed by m.
5
Suppose -99 = -6*i + 3. Calculate the remainder when 201 is divided by i.
14
Calculate the remainder when (-1040)/(-24) - 24/(-9) is divided by 4.
2
Suppose -42*o = 5*j - 37*o - 1175, 0 = -j - 3*o + 239. Calculate the remainder when j is divided by 9.
8
Calculate the remainder when 8/((-144)/66)*1*-69 is divided by 17.
15
What is the remainder when (-64)/(-24) - 2/3 - -135 is divided by 35?
32
Let m = -12 - -12. Let j = 3 - m. Calculate the remainder when 0 - (-6)/9*15 is divided by j.
1
Let p(a) = -a**2 + 10*a - 13. Calculate the remainder when 14 is divided by p(8).
2
Suppose -143 = -16*l + 15*l. Calculate the remainder when 8 is divided by (-57)/(-11) - 26/l.
3
Let l(f) = 8*f + 10. What is the remainder when l(27) is divided by 21?
16
Suppose o - 16 = -3*o. Suppose 0 = -o*n - 6*p + 3*p + 57, 0 = -4*n + 5*p + 65. Let s = -87 + 143. Calculate the remainder when s is divided by n.
11
Suppose y = -3*y - 16. Calculate the remainder when 6 is divided by ((2/y)/1)/(5/(-30)).
0
Let i be (-1630)/15 - 4/(-6). Let g = 144 + i. Calculate the remainder when g is divided by 20.
16
Suppose 4*c + 251 = -3*o, -4*c - 245 = -2*o - o. Let v = c + 82. Calculate the remainder when 99 is divided by v.
19
Suppose -s = -4*h + 2*h + 33, -2*s = 10. Let o(p) = -5*p - 45. What is the remainder when o(-19) is divided by h?
8
Let j(i) = 18*i - 7. Let o(h) = h**2 + 10*h - 72. Calculate the remainder when j(5) is divided by o(6).
11
Suppose 0 = -p + 5*o + 13, -5*p + 2*o = -8 - 11. Suppose p*k = 2*r + 13, 0*k - 12 = 4*k. Let q = r - -17. Calculate the remainder when q is divided by 5.
1
Let b = -3 + 60. Let f(r) = r**2 + 6*r + 8. Calculate the remainder when b is divided by f(-7).
12
Suppose -3*p + 8 = -22. Suppose 3*d + 4*u = 28, u - p = -d - 0*u. Calculate the remainder when 42 is divided by (6/4)/(d/176).
20
What is the remainder when 358 is divided by -3 + ((-114)/(-3) - -5)?
38
Let t = -121 - -345. Suppose -28 + t = 4*y. Calculate the remainder when y is divided by 26.
23
Let h(q) = -3*q - 11. What is the remainder when h(-23) is divided by 3?
1
Let v be (96/18)/(4/6) + -2. Let o = 49 - -46. Calculate the remainder when o is divided by (-9)/(-3 + v + 27/(-8)).
23
Suppose 8*w = 955 - 859. Let i(s) = 2*s**3 - 4*s**2 + 2*s + 1. What is the remainder when w is divided by i(2)?
2
Suppose -69*m + 90*m = 5859. Calculate the remainder when m is divided by 56.
55
Suppose l - 18 = -5*k + k, 3*l + 2*k = 94. Suppose 4*a = -2*j + l, -4*a + 7*a + 6 = 3*j. What is the remainder when 29/1 - (-2 - -5) is divided by j?
5
Let t be 3 - (2/(-1) + 0). Let k = t + -18. Let n = k + 28. What is the remainder when n is divided by 4?
3
Calculate the remainder when ((-8805)/10)/(54/(-36)) is divided by 7.
6
Let g = -105 - -125. What is the remainder when 42 is divided by g?
2
Let h be 1/(1 - (-900)/(-894)). Let x = h - -484. Calculate the remainder when x is divided by 42.
41
Let j be 16/72 + (-4)/18. Suppose -22 = -2*i - 4*k, 21 = -j*i + 2*i + 3*k. Let w = -3 + i. Calculate the remainder when 16 is divided by w.
4
Let r = 48 + -143. Let c = -52 - r. Suppose 5*h - 53 = 27. Calculate the remainder when c is divided by h.
11
Let w = 17 - 1. Suppose -243*n + 256*n = 117. What is the remainder when w is divided by n?
7
Suppose 5*u + 5*i = 465, 6 = i + i. What is the remainder when u is divided by 7?
6
Let a = -26 + 36. Let d = -1 + a. What is the remainder when 35 is divided by d?
8
Let p = 68 - 67. Calculate the remainder when 2 is divided by p.
0
Let w(n) = -n + 81. Let k be w(-7). Suppose 25 = k*m - 87*m. Calculate the remainder when 70 is divided by m.
20
Let t = -587 - -618. What is the remainder when 234 is divided by t?
17
Suppose -124 - 4 = -4*o. Let f be 10/4 + 39/(-26). What is the remainder when f - -127 - (3 - 2) is divided by o?
31
Suppose 16*d - 42*d + 286 = 0. Calculate the remainder when 12 is divided by d.
1
Let y = 13 - -31. Let x = -38 - -58. Let d = x - 8. Calculate the remainder when y is divided by d.
8
Suppose -s - 18 = -5*u, 4*s + 3*u - 7 - 13 = 0. Suppose s*d - 3*d = 0. Suppose -2*w + 23 + 19 = d. What is the remainder when 81 is divided by w?
18
Calculate the remainder when -26*1/((-9)/126) is divided by 61.
59
Suppose 4*f + 43*k - 7 = 48*k, f - 4*k = -12. What is the remainder when 70 is divided by f?
6
Suppose 4*g + 17 = 25. Suppose 0*l + 2*l - g*m = 50, -3*l - 2*m + 75 = 0. Calculate the remainder when 69 is divided by l.
19
Suppose -2*y - 10 = 0, -2*d - 2*y + 7*y = -385. Suppose -d = -3*c + c. Calculate the remainder when c is divided by 23.
21
Let l(j) = 21*j - 39. Let a(r) = 32*r - 58. Let u(x) = -5*a(x) + 8*l(x). Calculate the remainder when u(7) is divided by 18.
16
Suppose 6*v - 248 - 232 = 0. Suppose 19*n + v = 23*n. Calculate the remainder when 78 is divided by n.
18
Calculate the remainder when (69/5)/(-2 + 165/75) is divided by 17.
1
Suppose 0*f - 474 = -4*x + 3*f, f = 4*x - 470. Calculate the remainder when x is divided by 25.
17
Suppose y = -4*s - 218 + 664, 2*s + 4*y - 216 = 0. Let x be s/10 + (-32)/(-40). Suppose -4*b + b = -x. Calculate the remainder when b is divided by 2.
0
Let p be (-226)/(-4) - (-7)/14. Suppose 13 = -2*l + p. Let k = l + -12. What is the remainder when 18 is divided by k?
8
Let f = 4 - -26. Calculate the remainder when f is divided by ((-672)/18)/(-4)*(-18)/(-21).
6
Let k be (-4)/2 + 5/1. Suppose -3*f + 5*q + 29 = 0, 4*f - 63 = -2*q - 7. What is the remainder when f is divided by k*4/(-18)*-3?
1
Suppose 68 = 2*r + 20. Suppose r = 2*j - 74. What is the remainder when 97 is divided by j?
48
Let y = -25 - -27. Suppose -2*n - 40 = y*b, 0*b - 65 = 3*n - 2*b. Let l = n - -29. Calculate the remainder when l is divided by 5.
3
Suppose -29 + 633 = -4*t. Let i = -142 - t. What is the remainder when 59 is divided by i?
5
Let t(j) be the first derivative of 4/3*j**3 + 12 + 0*j**2 - 3*j. Calculate the remainder when 97 is divided by t(3).
31
Suppose -3*s + k = 2*k + 52, -4*s + 3*k - 65 = 0. Let o(j) = -j**3 - 18*j**2 - 18*j + 1. Calculate the remainder when 35 is divided by o(s).
17
Suppose -3*b = -2*b + 2, 48 = o - 4*b. Let j = 192 - o. What is the remainder when j is divided by 14?
12
Suppose -2*i = -m - i + 23, 5*i = -2*m + 46. Suppose 6*l - 559 = m. Calculate the remainder when l is divided by 14.
13
Suppose 147*k - 173*k + 1092 = 0. What is the remainder when 418 is divided by k?
40
Let a = 2609 + -2156. Calculate the remainder when a is divided by 76.
73
Suppose -5*w = 2*c - 55, -4*w + 11 + 9 = 0. Calculate the remainder when 145 is divided by c.
10
Suppose 2*f + 4*k - 714 = 0, -143*f + 4*k - 1412 = -147*f. Calculate the remainder when f is divided by 101.
46
Suppose -10*x = -3450 - 1560. What is the remainder when x is divided by 246?
9
Suppose 9 = 5*l + 4*g, 0*l - 3*l + 5*g = -35. Suppose 0 = -5*o - q + 38, -q = 5*o - 6*q - 20. Calculate the remainder when o is divided by l.
2
Let k = -13 - -20. Suppose l - 2*r + 63 = 0, 5*r = -l + 4*l + 185. What is the remainder when (-615)/l + (-4)/22 is divided by k?
4
Let w = -2 - 15. Let p = w - -32. What is the remainder when 87 is divided by p?
12
Let y = -48 + 90. Calculate the remainder when 27 is divided by (3/((-72)/y))/((-1)/4).
6
Let x(b) = -b**2 + 6*b + 4. Let u be (2*1)/(8/28). What is the remainder when x(5) is divided by 6/u*(-70)/(-20)?
0
Let w(o) be the first derivative of 11*o**2/2 + 6*o - 12. Calculate the remainder when w(3) is divided by 15.
9
Let r(s) = -2*s**2 + 16*s + 29. Calculate the remainder when 38 is divided by r(9).
5
Suppose i - 2*v + 5 = 4, 24 = 4*i - v. Calculate the remainder when 81 is divided by i.
4
Suppose 2*j = -z + 18, -3*j - 20 = -2*z + j. Suppose z = 5*p - 51. Calculate the remainder when 82 is divided by 4/(-8)*-2 + p.
12
Suppose 2*q = -3*q. Suppose -8 = 2*o, q = 5*b + o - 14 - 57. What is the remainder when 72 is divided by b?
12
Suppose -17040 = -117*k + 69*k. Calculate the remainder when k is divided by 15.
10
Suppose -42 = 4*g - 8*g + 5*c, 4*g - 4*c - 44 = 0. Calculate the remainder when g is divided by 5.
3
What is the remainder when (-1232)/(-168)*93/2 is divided by 59?
46
Let f(y) = -y + 20. Let p be -5 + 4/(4/17). What is the remainder when 23 is divided by f(p)?
7
Let g(n) = n**2 - 3*n + 9. Suppose -2*u + 0*u + 8 = 0. What is the remaind